{"id":108,"date":"2023-09-01T21:23:04","date_gmt":"2023-09-01T21:23:04","guid":{"rendered":"https:\/\/clunaes.ondareirekia.com\/?page_id=108"},"modified":"2023-09-15T08:44:48","modified_gmt":"2023-09-15T08:44:48","slug":"sobre-el-proyecto","status":"publish","type":"page","link":"https:\/\/clunaes.ondareirekia.com\/index.php\/sobre-el-proyecto\/","title":{"rendered":"Sobre el proyecto"},"content":{"rendered":"<p>[et_pb_section fb_built=\u00bb1&#8243; admin_label=\u00bbHeader\u00bb _builder_version=\u00bb4.20.0&#8243; _module_preset=\u00bbdefault\u00bb background_color=\u00bbgcid-67960745-cc0c-4d73-b86b-ef2d6023be78&#8243; locked=\u00bboff\u00bb collapsed=\u00bbon\u00bb global_colors_info=\u00bb{%22gcid-67960745-cc0c-4d73-b86b-ef2d6023be78%22:%91%22background_color%22%93}\u00bb][et_pb_row _builder_version=\u00bb4.20.0&#8243; _module_preset=\u00bbdefault\u00bb custom_padding=\u00bb||0px||false|false\u00bb global_colors_info=\u00bb{}\u00bb][et_pb_column type=\u00bb4_4&#8243; _builder_version=\u00bb4.20.0&#8243; _module_preset=\u00bbdefault\u00bb global_colors_info=\u00bb{}\u00bb][et_pb_text _builder_version=\u00bb4.22.1&#8243; _module_preset=\u00bbc6a75bb7-42ce-4ec5-be42-1cc509cc84fb\u00bb global_colors_info=\u00bb{}\u00bb]<\/p>\n<h1>Sobre el proyecto<\/h1>\n<p>[\/et_pb_text][\/et_pb_column][\/et_pb_row][et_pb_row _builder_version=\u00bb4.20.0&#8243; _module_preset=\u00bbdefault\u00bb global_colors_info=\u00bb{}\u00bb][et_pb_column type=\u00bb4_4&#8243; _builder_version=\u00bb4.20.0&#8243; _module_preset=\u00bbdefault\u00bb global_colors_info=\u00bb{}\u00bb][et_pb_image src=\u00bbhttps:\/\/clunaes.ondareirekia.com\/wp-content\/uploads\/2023\/09\/14228666.jpg\u00bb title_text=\u00bbMinisterio de Cultura. ESPA\u00d1A\u00bb _builder_version=\u00bb4.22.1&#8243; _module_preset=\u00bbdefault\u00bb custom_margin=\u00bb||0px||false|false\u00bb border_radii=\u00bbon|1px|1px|1px|1px\u00bb border_width_all=\u00bb1px\u00bb border_color_all=\u00bb#000000&#8243; global_colors_info=\u00bb{}\u00bb][\/et_pb_image][\/et_pb_column][\/et_pb_row][et_pb_row _builder_version=\u00bb4.20.0&#8243; _module_preset=\u00bbdefault\u00bb global_colors_info=\u00bb{}\u00bb][et_pb_column type=\u00bb4_4&#8243; _builder_version=\u00bb4.20.0&#8243; _module_preset=\u00bbdefault\u00bb global_colors_info=\u00bb{}\u00bb][et_pb_text _builder_version=\u00bb4.22.1&#8243; _module_preset=\u00bbde7da731-6502-4d31-87e9-7f510c77d79c\u00bb text_orientation=\u00bbcenter\u00bb max_width=\u00bb560px\u00bb module_alignment=\u00bbcenter\u00bb locked=\u00bboff\u00bb global_colors_info=\u00bb{}\u00bb]<\/p>\n<p><strong>Equipo:<\/strong><br \/>Isabel Mell\u00e9n<br \/>Marina Guti\u00e9rrez de Angelis<br \/>Gorka L\u00f3pez de Munain<\/p>\n<p>[\/et_pb_text][\/et_pb_column][\/et_pb_row][\/et_pb_section][et_pb_section fb_built=\u00bb1&#8243; admin_label=\u00bbAbout\u00bb _builder_version=\u00bb4.20.0&#8243; _module_preset=\u00bbdefault\u00bb background_color=\u00bbgcid-67960745-cc0c-4d73-b86b-ef2d6023be78&#8243; collapsed=\u00bbon\u00bb global_colors_info=\u00bb{%22gcid-67960745-cc0c-4d73-b86b-ef2d6023be78%22:%91%22background_color%22%93}\u00bb][et_pb_row column_structure=\u00bb3_5,2_5&#8243; _builder_version=\u00bb4.20.0&#8243; _module_preset=\u00bbdefault\u00bb global_colors_info=\u00bb{}\u00bb][et_pb_column type=\u00bb3_5&#8243; _builder_version=\u00bb4.20.0&#8243; _module_preset=\u00bbdefault\u00bb global_colors_info=\u00bb{}\u00bb][et_pb_text _builder_version=\u00bb4.22.1&#8243; _module_preset=\u00bb8c848919-9ee8-4522-b56d-e42c7b2ae5e0&#8243; header_4_text_color=\u00bbgcid-a3412674-3498-4142-ac08-6afad8430048&#8243; header_4_font_size=\u00bb100px\u00bb global_colors_info=\u00bb{%22gcid-a3412674-3498-4142-ac08-6afad8430048%22:%91%22header_4_text_color%22%93}\u00bb]<\/p>\n<h4>CLUNAES<\/h4>\n<p>[\/et_pb_text][et_pb_text _builder_version=\u00bb4.22.1&#8243; _module_preset=\u00bb52efee87-c25c-41cd-b54e-20dce987c056&#8243; global_colors_info=\u00bb{}\u00bb]<\/p>\n<h2>La experiencia de la Europa Medieval<\/h2>\n<p>[\/et_pb_text][et_pb_text _builder_version=\u00bb4.22.1&#8243; _module_preset=\u00bbda998ef8-a790-44dd-966b-582ec4370df3&#8243; hover_enabled=\u00bb0&#8243; global_colors_info=\u00bb{}\u00bb sticky_enabled=\u00bb0&#8243;]<\/p>\n<p>El siglo XII fue un tiempo din\u00e1mico, en el que las ideas y las formas migraban trazando caminos de los que a\u00fan quedan huellas y rastros; caminos con puntos de partida, nodos de conexi\u00f3n, espacios de gran fertilidad y puntos de llegada que cubr\u00edan extensiones insospechadas.<\/p>\n<p>Est\u00edbaliz fue uno de estos nodos que recibi\u00f3 las formas que flu\u00edan desde el \u00e1rea borgo\u00f1ona a trav\u00e9s de los lazos con N\u00e1jera, pero tambi\u00e9n desde el norte europeo, marcando con ello unas l\u00edneas de trabajo a\u00fan por explorar. A su vez, funcion\u00f3 como un potente centro emisor de influencias y de iconograf\u00edas que se desplegaron por todo el Pa\u00eds Vasco y territorios cercanos. Esta din\u00e1mica demuestra el importante peso del proyecto constructivo de Est\u00edbaliz que, por una acumulaci\u00f3n de circunstancias desfavorables, nunca pudo brillar con el esplendor con el que se concibi\u00f3.<\/p>\n<p>Este proyecto busca recuperar la historia de un enclave que ha tenido un papel central en la articulaci\u00f3n y circulaci\u00f3n de modelos y formas en el rom\u00e1nico del norte peninsular y que, sin embargo, ha quedado oscurecido y olvidado en la historiograf\u00eda.<\/p>\n<p>[\/et_pb_text][\/et_pb_column][et_pb_column type=\u00bb2_5&#8243; _builder_version=\u00bb4.20.0&#8243; _module_preset=\u00bbdefault\u00bb global_colors_info=\u00bb{}\u00bb][et_pb_image src=\u00bbhttps:\/\/clunaes.ondareirekia.com\/wp-content\/uploads\/2023\/09\/estibaliz-51.jpg\u00bb title_text=\u00bbestibaliz-51&#8243; _builder_version=\u00bb4.22.1&#8243; _module_preset=\u00bbdefault\u00bb global_colors_info=\u00bb{}\u00bb transform_styles__hover_enabled=\u00bbon|hover\u00bb transform_scale__hover=\u00bb98%|98%\u00bb transform_scale__hover_enabled=\u00bbon|hover\u00bb transform_translate__hover_enabled=\u00bbon|desktop\u00bb transform_rotate__hover_enabled=\u00bbon|desktop\u00bb transform_skew__hover_enabled=\u00bbon|desktop\u00bb transform_origin__hover_enabled=\u00bbon|desktop\u00bb][\/et_pb_image][\/et_pb_column][\/et_pb_row][\/et_pb_section]<\/p>\n","protected":false},"excerpt":{"rendered":"<p>Sobre el proyectoEquipo:Isabel Mell\u00e9nMarina Guti\u00e9rrez de AngelisGorka L\u00f3pez de MunainCLUNAESLa experiencia de la Europa MedievalEl siglo XII fue un tiempo din\u00e1mico, en el que las ideas y las formas migraban trazando caminos de los que a\u00fan quedan huellas y rastros; caminos con puntos de partida, nodos de conexi\u00f3n, espacios de gran fertilidad y puntos de llegada que cubr\u00edan extensiones insospechadas. Est\u00edbaliz fue uno de estos nodos que recibi\u00f3 las formas que flu\u00edan desde el \u00e1rea borgo\u00f1ona a trav\u00e9s de los lazos con N\u00e1jera, pero tambi\u00e9n desde el norte europeo, marcando con ello unas l\u00edneas de trabajo a\u00fan por explorar. A su vez, funcion\u00f3 como un potente centro emisor de influencias y de iconograf\u00edas que se desplegaron por todo el Pa\u00eds Vasco y territorios cercanos. Esta din\u00e1mica demuestra el importante peso del proyecto constructivo de Est\u00edbaliz que, por una acumulaci\u00f3n de circunstancias desfavorables, nunca pudo brillar con el esplendor con el que se concibi\u00f3. Este proyecto busca recuperar la historia de un enclave que ha tenido un papel central en la articulaci\u00f3n y circulaci\u00f3n de modelos y formas en el rom\u00e1nico del norte peninsular y que, sin embargo, ha quedado oscurecido y olvidado en la historiograf\u00eda.<\/p>\n","protected":false},"author":1,"featured_media":0,"parent":0,"menu_order":0,"comment_status":"closed","ping_status":"closed","template":"","meta":{"_et_pb_use_builder":"on","_et_pb_old_content":"","_et_gb_content_width":"","footnotes":""},"class_list":["post-108","page","type-page","status-publish","hentry"],"jetpack_sharing_enabled":true,"_links":{"self":[{"href":"https:\/\/clunaes.ondareirekia.com\/index.php\/wp-json\/wp\/v2\/pages\/108","targetHints":{"allow":["GET"]}}],"collection":[{"href":"https:\/\/clunaes.ondareirekia.com\/index.php\/wp-json\/wp\/v2\/pages"}],"about":[{"href":"https:\/\/clunaes.ondareirekia.com\/index.php\/wp-json\/wp\/v2\/types\/page"}],"author":[{"embeddable":true,"href":"https:\/\/clunaes.ondareirekia.com\/index.php\/wp-json\/wp\/v2\/users\/1"}],"replies":[{"embeddable":true,"href":"https:\/\/clunaes.ondareirekia.com\/index.php\/wp-json\/wp\/v2\/comments?post=108"}],"version-history":[{"count":5,"href":"https:\/\/clunaes.ondareirekia.com\/index.php\/wp-json\/wp\/v2\/pages\/108\/revisions"}],"predecessor-version":[{"id":121,"href":"https:\/\/clunaes.ondareirekia.com\/index.php\/wp-json\/wp\/v2\/pages\/108\/revisions\/121"}],"wp:attachment":[{"href":"https:\/\/clunaes.ondareirekia.com\/index.php\/wp-json\/wp\/v2\/media?parent=108"}],"curies":[{"name":"wp","href":"https:\/\/api.w.org\/{rel}","templated":true}]}}