{"id":88,"date":"2023-09-01T20:44:44","date_gmt":"2023-09-01T20:44:44","guid":{"rendered":"https:\/\/clunaes.ondareirekia.com\/?page_id=88"},"modified":"2025-11-19T17:28:18","modified_gmt":"2025-11-19T17:28:18","slug":"ecos-de-estibaliz","status":"publish","type":"page","link":"https:\/\/clunaes.ondareirekia.com\/index.php\/ecos-de-estibaliz\/","title":{"rendered":"Ecos de Est\u00edbaliz"},"content":{"rendered":"<p>[et_pb_section fb_built=\u00bb1&#8243; admin_label=\u00bbBlog\u00bb _builder_version=\u00bb4.20.0&#8243; _module_preset=\u00bbdefault\u00bb background_color=\u00bbgcid-67960745-cc0c-4d73-b86b-ef2d6023be78&#8243; collapsed=\u00bbon\u00bb global_colors_info=\u00bb{%22gcid-67960745-cc0c-4d73-b86b-ef2d6023be78%22:%91%22background_color%22%93}\u00bb][et_pb_row _builder_version=\u00bb4.20.0&#8243; _module_preset=\u00bbdefault\u00bb global_colors_info=\u00bb{}\u00bb][et_pb_column type=\u00bb4_4&#8243; _builder_version=\u00bb4.20.0&#8243; _module_preset=\u00bbdefault\u00bb global_colors_info=\u00bb{}\u00bb][et_pb_text _builder_version=\u00bb4.22.1&#8243; _module_preset=\u00bb18e37f38-d3b1-461b-b841-717e99bfe013&#8243; global_colors_info=\u00bb{}\u00bb]<\/p>\n<h1>Ecos de Est\u00edbaliz<\/h1>\n<p>[\/et_pb_text][et_pb_text _builder_version=\u00bb4.26.0&#8243; _module_preset=\u00bbd2106a70-b311-4922-9cc2-b1e7e93b9526&#8243; header_text_color=\u00bb#000000&#8243; header_3_text_color=\u00bb#777777&#8243; global_colors_info=\u00bb{}\u00bb]<\/p>\n<h3>Los talleres que trabajaron en Est\u00edbaliz dejaron una impronta de largo recorrido en los templos de las inmediaciones. En esta exposici\u00f3n veremos cu\u00e1les fueron los caminos recorridos y los modelos m\u00e1s empleados. A falta de documentaci\u00f3n escrita, las im\u00e1genes nos permitir\u00e1n reconstruir una red de relaciones desatendida y olvidada, pero cuyas huellas a\u00fan pueden verse en los templos de muchas localidades del Pa\u00eds Vasco, Burgos, Navarra y La Rioja.<\/h3>\n<p>&nbsp;<\/p>\n<h3>Esta exposici\u00f3n virtual inicia su recorrido en el a\u00f1o 2023, pero ir\u00e1 sumando recursos, im\u00e1genes y contenidos de manera continuada hasta el a\u00f1o 2026.<\/h3>\n<p>[\/et_pb_text][\/et_pb_column][\/et_pb_row][\/et_pb_section][et_pb_section fb_built=\u00bb1&#8243; admin_label=\u00bbGallery\u00bb _builder_version=\u00bb4.22.1&#8243; _module_preset=\u00bbdefault\u00bb background_color=\u00bb#FFFFFF\u00bb collapsed=\u00bbon\u00bb global_colors_info=\u00bb{}\u00bb][et_pb_row column_structure=\u00bb2_5,3_5&#8243; use_custom_gutter=\u00bbon\u00bb gutter_width=\u00bb1&#8243; custom_padding_last_edited=\u00bbon|tablet\u00bb _builder_version=\u00bb4.20.0&#8243; _module_preset=\u00bbdefault\u00bb custom_padding=\u00bb||0px||false|false\u00bb custom_padding_tablet=\u00bb||30px||false|false\u00bb custom_padding_phone=\u00bb||30px||false|false\u00bb global_colors_info=\u00bb{}\u00bb][et_pb_column type=\u00bb2_5&#8243; _builder_version=\u00bb4.20.0&#8243; _module_preset=\u00bbdefault\u00bb custom_padding_tablet=\u00bb||30px||false|false\u00bb custom_padding_phone=\u00bb||30px||false|false\u00bb custom_padding_last_edited=\u00bbon|tablet\u00bb global_colors_info=\u00bb{}\u00bb][et_pb_image src=\u00bbhttps:\/\/clunaes.ondareirekia.com\/wp-content\/uploads\/2023\/08\/portada-estibaliz-detalle.jpg\u00bb title_text=\u00bbportada-estibaliz-detalle\u00bb align=\u00bbcenter\u00bb _builder_version=\u00bb4.22.1&#8243; _module_preset=\u00bbdefault\u00bb max_height=\u00bb525px\u00bb max_height_tablet=\u00bb\u00bb max_height_phone=\u00bb\u00bb max_height_last_edited=\u00bbon|desktop\u00bb custom_margin=\u00bb|||-60px|false|false\u00bb custom_margin_tablet=\u00bb|||0px|false|false\u00bb custom_margin_phone=\u00bb|||0px|false|false\u00bb custom_margin_last_edited=\u00bbon|tablet\u00bb global_colors_info=\u00bb{}\u00bb transform_styles__hover_enabled=\u00bbon|hover\u00bb transform_scale__hover_enabled=\u00bbon|hover\u00bb transform_translate__hover_enabled=\u00bbon|desktop\u00bb transform_rotate__hover_enabled=\u00bbon|desktop\u00bb transform_skew__hover_enabled=\u00bbon|desktop\u00bb transform_origin__hover_enabled=\u00bbon|desktop\u00bb transform_scale__hover=\u00bb98%|98%\u00bb][\/et_pb_image][\/et_pb_column][et_pb_column type=\u00bb3_5&#8243; _builder_version=\u00bb4.20.0&#8243; _module_preset=\u00bbdefault\u00bb global_colors_info=\u00bb{}\u00bb][et_pb_text _builder_version=\u00bb4.26.0&#8243; _module_preset=\u00bb98410991-d05d-4f02-8de5-66c4f6c6a45c\u00bb header_font_size=\u00bb51px\u00bb header_4_text_color=\u00bbgcid-a3412674-3498-4142-ac08-6afad8430048&#8243; header_4_font_size=\u00bb19px\u00bb global_colors_info=\u00bb{%22gcid-a3412674-3498-4142-ac08-6afad8430048%22:%91%22header_4_text_color%22%93}\u00bb]<\/p>\n<h4>La construcci\u00f3n de Est\u00edbaliz<\/h4>\n<p>[\/et_pb_text][et_pb_text _builder_version=\u00bb4.26.0&#8243; _module_preset=\u00bb16bc5531-5d18-4d67-89c2-49bff3c51225&#8243; header_font_size=\u00bb15px\u00bb header_2_font=\u00bbAbel||||||||\u00bb header_2_font_size=\u00bb26px\u00bb header_2_line_height=\u00bb1.3em\u00bb global_colors_info=\u00bb{}\u00bb]<\/p>\n<h2>En la primer mitad del siglo XII, Toda y su hija Mar\u00eda L\u00f3pez impulsaron la construcci\u00f3n de un gran monasterio en Est\u00edbaliz. Para ello reunieron a los mejores talleres del momento, procedentes en su mayor parte de Francia. Pero pronto el proyecto se frustr\u00f3 y los planes de estas importantes damas chocaron con la realidad pol\u00edtica del momento.<\/h2>\n<p>&nbsp;<\/p>\n<p>[\/et_pb_text][et_pb_text _builder_version=\u00bb4.22.1&#8243; _module_preset=\u00bb16bc5531-5d18-4d67-89c2-49bff3c51225&#8243; header_font_size=\u00bb15px\u00bb header_2_font=\u00bbAbel||||||||\u00bb header_2_font_size=\u00bb26px\u00bb header_2_line_height=\u00bb1.3em\u00bb global_colors_info=\u00bb{}\u00bb]<\/p>\n<h2>Sin embargo, aunque Est\u00edbaliz nunca llegara a funcionar como un monasterio cluniacense, la impronta de los talleres que trabajaron en su portada y en los capiteles del interior se extendi\u00f3 de forma extraordinaria tanto en suelo vasco como en regiones lim\u00edtrofes.\u00a0<\/h2>\n<p>&nbsp;<\/p>\n<p>[\/et_pb_text][\/et_pb_column][\/et_pb_row][\/et_pb_section][et_pb_section fb_built=\u00bb1&#8243; admin_label=\u00bbAbout\u00bb _builder_version=\u00bb4.22.1&#8243; _module_preset=\u00bbdefault\u00bb background_color=\u00bb#eaebe6&#8243; overflow-x=\u00bbhidden\u00bb overflow-y=\u00bbhidden\u00bb collapsed=\u00bbon\u00bb global_colors_info=\u00bb{}\u00bb][et_pb_row column_structure=\u00bb1_2,1_2&#8243; _builder_version=\u00bb4.20.0&#8243; _module_preset=\u00bbdefault\u00bb global_colors_info=\u00bb{}\u00bb][et_pb_column type=\u00bb1_2&#8243; _builder_version=\u00bb4.20.0&#8243; _module_preset=\u00bbdefault\u00bb global_colors_info=\u00bb{}\u00bb][et_pb_text _builder_version=\u00bb4.26.0&#8243; _module_preset=\u00bb98410991-d05d-4f02-8de5-66c4f6c6a45c\u00bb header_4_text_color=\u00bbgcid-a3412674-3498-4142-ac08-6afad8430048&#8243; header_4_font_size=\u00bb18px\u00bb custom_padding=\u00bb||18px|||\u00bb global_colors_info=\u00bb{%22gcid-a3412674-3498-4142-ac08-6afad8430048%22:%91%22header_4_text_color%22%93}\u00bb]<\/p>\n<h4>Los ejes de una gran red clientelar<\/h4>\n<p>[\/et_pb_text][et_pb_text _builder_version=\u00bb4.26.0&#8243; _module_preset=\u00bb16bc5531-5d18-4d67-89c2-49bff3c51225&#8243; header_font_size=\u00bb15px\u00bb header_2_font=\u00bbAbel||||||||\u00bb header_2_font_size=\u00bb26px\u00bb header_2_line_height=\u00bb1.3em\u00bb custom_margin=\u00bb||5px|||\u00bb global_colors_info=\u00bb{}\u00bb]<\/p>\n<h2>Las mujeres de la familia Haro supieron tejer una compleja red clientelar que ha dejado una profunda impronta en la zona a trav\u00e9s de los templos. \u00c9stos eran para las familias nobles su se\u00f1a de identidad y a trav\u00e9s de las im\u00e1genes perpetuaban la memoria de sus antepasados.<\/h2>\n<p>&nbsp;<\/p>\n<p>[\/et_pb_text][et_pb_text _builder_version=\u00bb4.26.0&#8243; _module_preset=\u00bb16bc5531-5d18-4d67-89c2-49bff3c51225&#8243; header_font_size=\u00bb15px\u00bb header_2_font=\u00bbAbel||||||||\u00bb header_2_font_size=\u00bb26px\u00bb header_2_line_height=\u00bb1.3em\u00bb custom_margin=\u00bb||3px|||\u00bb custom_padding=\u00bb||0px|||\u00bb global_colors_info=\u00bb{}\u00bb]<\/p>\n<h2>Del mismo modo que las grandes familias de la nobleza se inspiraban en las monarqu\u00edas de las que eran vasallas, la peque\u00f1a nobleza local copiaba tambi\u00e9n las obras de los templos que ten\u00edan en propiedad estos grupos de poder. <\/h2>\n<p>&nbsp;[\/et_pb_text][et_pb_text _builder_version=\u00bb4.26.0&#8243; _module_preset=\u00bb16bc5531-5d18-4d67-89c2-49bff3c51225&#8243; header_font_size=\u00bb15px\u00bb header_2_font=\u00bbAbel||||||||\u00bb header_2_font_size=\u00bb26px\u00bb header_2_line_height=\u00bb1.3em\u00bb global_colors_info=\u00bb{}\u00bb]<\/p>\n<h2>De este modo, los modelos que podemos ver en capiteles, canecillos, arquivoltas y dem\u00e1s elementos en la iglesia de Est\u00edbaliz, se fueron replicando en otras iglesias m\u00e1s modestas con el prop\u00f3sito de fijar visualmente esta relaci\u00f3n clientelar. No sabemos exactamente la naturaleza de este v\u00ednculo, pero las im\u00e1genes no dejan lugar a dudas.<\/h2>\n<p>&nbsp;[\/et_pb_text][\/et_pb_column][et_pb_column type=\u00bb1_2&#8243; _builder_version=\u00bb4.20.0&#8243; _module_preset=\u00bbdefault\u00bb global_colors_info=\u00bb{}\u00bb][et_pb_image src=\u00bbhttps:\/\/clunaes.ondareirekia.com\/wp-content\/uploads\/2024\/07\/estibaliz-95.jpg\u00bb title_text=\u00bbestibaliz-95&#8243; _builder_version=\u00bb4.26.0&#8243; _module_preset=\u00bbdefault\u00bb box_shadow_style=\u00bbpreset4&#8243; box_shadow_horizontal=\u00bb16vw\u00bb box_shadow_vertical=\u00bb12vw\u00bb box_shadow_color=\u00bbgcid-67960745-cc0c-4d73-b86b-ef2d6023be78&#8243; global_colors_info=\u00bb{%22gcid-67960745-cc0c-4d73-b86b-ef2d6023be78%22:%91%22box_shadow_color%22%93}\u00bb transform_styles__hover_enabled=\u00bbon|hover\u00bb transform_scale__hover=\u00bb98%|98%\u00bb transform_scale__hover_enabled=\u00bbon|hover\u00bb transform_translate__hover_enabled=\u00bbon|desktop\u00bb transform_rotate__hover_enabled=\u00bbon|desktop\u00bb transform_skew__hover_enabled=\u00bbon|desktop\u00bb transform_origin__hover_enabled=\u00bbon|desktop\u00bb][\/et_pb_image][\/et_pb_column][\/et_pb_row][\/et_pb_section][et_pb_section fb_built=\u00bb1&#8243; admin_label=\u00bbGallery\u00bb _builder_version=\u00bb4.22.1&#8243; _module_preset=\u00bbdefault\u00bb background_color=\u00bb#FFFFFF\u00bb collapsed=\u00bbon\u00bb global_colors_info=\u00bb{}\u00bb][et_pb_row column_structure=\u00bb1_4,1_2,1_4&#8243; use_custom_gutter=\u00bbon\u00bb gutter_width=\u00bb1&#8243; custom_padding_last_edited=\u00bbon|tablet\u00bb _builder_version=\u00bb4.20.0&#8243; _module_preset=\u00bbdefault\u00bb custom_padding=\u00bb||0px||false|false\u00bb custom_padding_tablet=\u00bb||30px||false|false\u00bb custom_padding_phone=\u00bb||30px||false|false\u00bb global_colors_info=\u00bb{}\u00bb][et_pb_column type=\u00bb1_4&#8243; _builder_version=\u00bb4.20.0&#8243; _module_preset=\u00bbdefault\u00bb custom_padding_tablet=\u00bb||30px||false|false\u00bb custom_padding_phone=\u00bb||30px||false|false\u00bb custom_padding_last_edited=\u00bbon|tablet\u00bb global_colors_info=\u00bb{}\u00bb][\/et_pb_column][et_pb_column type=\u00bb1_2&#8243; _builder_version=\u00bb4.20.0&#8243; _module_preset=\u00bbdefault\u00bb global_colors_info=\u00bb{}\u00bb][et_pb_text _builder_version=\u00bb4.26.0&#8243; _module_preset=\u00bb98410991-d05d-4f02-8de5-66c4f6c6a45c\u00bb header_font_size=\u00bb51px\u00bb header_4_text_color=\u00bbgcid-a3412674-3498-4142-ac08-6afad8430048&#8243; header_4_font_size=\u00bb19px\u00bb global_colors_info=\u00bb{%22gcid-a3412674-3498-4142-ac08-6afad8430048%22:%91%22header_4_text_color%22%93}\u00bb]<\/p>\n<h4>La expansi\u00f3n de unos modelos de origen europeo<\/h4>\n<p>[\/et_pb_text][et_pb_text _builder_version=\u00bb4.26.0&#8243; _module_preset=\u00bb16bc5531-5d18-4d67-89c2-49bff3c51225&#8243; header_font_size=\u00bb15px\u00bb header_2_font=\u00bbAbel||||||||\u00bb header_2_font_size=\u00bb26px\u00bb header_2_line_height=\u00bb1.3em\u00bb global_colors_info=\u00bb{}\u00bb]<\/p>\n<h2>Como luego veremos, en Est\u00edbaliz confluyeron dos talleres: uno de origen franc\u00e9s (borgo\u00f1\u00f3n m\u00e1s concretamente) y otro procedente del \u00e1rea normanda. Algunos motivos tuvieron tanto \u00e9xito que son decenas las iglesias que todav\u00eda hoy los exhiben con innumerables variantes.<\/h2>\n<p>&nbsp;<\/p>\n<p>[\/et_pb_text][et_pb_text _builder_version=\u00bb4.26.0&#8243; _module_preset=\u00bb16bc5531-5d18-4d67-89c2-49bff3c51225&#8243; header_font_size=\u00bb15px\u00bb header_2_font=\u00bbAbel||||||||\u00bb header_2_font_size=\u00bb26px\u00bb header_2_line_height=\u00bb1.3em\u00bb global_colors_info=\u00bb{}\u00bb]<\/p>\n<h2>En una ventana desaparecida en los a\u00f1os setenta (pero cuyos restos a\u00fan pueden verse de camino al front\u00f3n), pod\u00edan a\u00fan verse las cadenetas que con tanta frecuencia se localizan en templos borgo\u00f1ones. En las im\u00e1genes siguientes comprobaremos la variedad tipol\u00f3gica que adquiri\u00f3 en manos de los talleres locales.<\/h2>\n<p>&nbsp;[\/et_pb_text][\/et_pb_column][et_pb_column type=\u00bb1_4&#8243; _builder_version=\u00bb4.20.0&#8243; _module_preset=\u00bbdefault\u00bb global_colors_info=\u00bb{}\u00bb][\/et_pb_column][\/et_pb_row][et_pb_row column_structure=\u00bb1_2,1_2&#8243; _builder_version=\u00bb4.26.0&#8243; _module_preset=\u00bbdefault\u00bb custom_padding=\u00bb12px|||||\u00bb global_colors_info=\u00bb{}\u00bb][et_pb_column type=\u00bb1_2&#8243; _builder_version=\u00bb4.26.0&#8243; _module_preset=\u00bbdefault\u00bb global_colors_info=\u00bb{}\u00bb][et_pb_text _builder_version=\u00bb4.26.0&#8243; _module_preset=\u00bb16bc5531-5d18-4d67-89c2-49bff3c51225&#8243; header_2_font_size=\u00bb28px\u00bb custom_padding=\u00bb28px|||||\u00bb global_colors_info=\u00bb{}\u00bb]<\/p>\n<h2 style=\"text-align: center;\">Paray-le-Monial (Francia)<\/h2>\n<p>[\/et_pb_text][et_pb_image src=\u00bbhttps:\/\/clunaes.ondareirekia.com\/wp-content\/uploads\/2024\/07\/paray.jpg\u00bb title_text=\u00bbparay\u00bb show_in_lightbox=\u00bbon\u00bb _builder_version=\u00bb4.26.0&#8243; _module_preset=\u00bbdefault\u00bb global_colors_info=\u00bb{}\u00bb][\/et_pb_image][\/et_pb_column][et_pb_column type=\u00bb1_2&#8243; _builder_version=\u00bb4.26.0&#8243; _module_preset=\u00bbdefault\u00bb global_colors_info=\u00bb{}\u00bb][et_pb_text _builder_version=\u00bb4.26.0&#8243; _module_preset=\u00bb16bc5531-5d18-4d67-89c2-49bff3c51225&#8243; header_2_font_size=\u00bb28px\u00bb custom_padding=\u00bb28px|||||\u00bb global_colors_info=\u00bb{}\u00bb]<\/p>\n<h2 style=\"text-align: center;\">Antiguo ventanal  (Est\u00edbaliz)<\/h2>\n<p>[\/et_pb_text][et_pb_image src=\u00bbhttps:\/\/clunaes.ondareirekia.com\/wp-content\/uploads\/2024\/07\/Ventanal-abside-central-exterior.jpg\u00bb title_text=\u00bbVentanal-abside-central-exterior\u00bb show_in_lightbox=\u00bbon\u00bb _builder_version=\u00bb4.26.0&#8243; _module_preset=\u00bbdefault\u00bb global_colors_info=\u00bb{}\u00bb][\/et_pb_image][\/et_pb_column][\/et_pb_row][et_pb_row column_structure=\u00bb1_3,1_3,1_3&#8243; _builder_version=\u00bb4.26.0&#8243; _module_preset=\u00bbdefault\u00bb custom_padding=\u00bb12px|||||\u00bb global_colors_info=\u00bb{}\u00bb][et_pb_column type=\u00bb1_3&#8243; _builder_version=\u00bb4.26.0&#8243; _module_preset=\u00bbdefault\u00bb global_colors_info=\u00bb{}\u00bb][et_pb_text _builder_version=\u00bb4.26.0&#8243; _module_preset=\u00bb16bc5531-5d18-4d67-89c2-49bff3c51225&#8243; header_2_font_size=\u00bb28px\u00bb custom_padding=\u00bb28px|||||\u00bb global_colors_info=\u00bb{}\u00bb]<\/p>\n<h2 style=\"text-align: center;\">Est\u00edbaliz<\/h2>\n<p>[\/et_pb_text][et_pb_image src=\u00bbhttps:\/\/clunaes.ondareirekia.com\/wp-content\/uploads\/2024\/07\/estibaliz.jpg\u00bb title_text=\u00bbestibaliz\u00bb show_in_lightbox=\u00bbon\u00bb _builder_version=\u00bb4.26.0&#8243; _module_preset=\u00bbdefault\u00bb global_colors_info=\u00bb{}\u00bb][\/et_pb_image][\/et_pb_column][et_pb_column type=\u00bb1_3&#8243; _builder_version=\u00bb4.26.0&#8243; _module_preset=\u00bbdefault\u00bb global_colors_info=\u00bb{}\u00bb][et_pb_text _builder_version=\u00bb4.26.0&#8243; _module_preset=\u00bb16bc5531-5d18-4d67-89c2-49bff3c51225&#8243; header_2_font_size=\u00bb28px\u00bb custom_padding=\u00bb28px|||||\u00bb global_colors_info=\u00bb{}\u00bb]<\/p>\n<h2 style=\"text-align: center;\">Beto\u00f1o\u00a0<\/h2>\n<p>[\/et_pb_text][et_pb_image src=\u00bbhttps:\/\/clunaes.ondareirekia.com\/wp-content\/uploads\/2024\/07\/Betono.jpg\u00bb title_text=\u00bbBeto\u00f1o\u00bb show_in_lightbox=\u00bbon\u00bb _builder_version=\u00bb4.26.0&#8243; _module_preset=\u00bbdefault\u00bb global_colors_info=\u00bb{}\u00bb][\/et_pb_image][\/et_pb_column][et_pb_column type=\u00bb1_3&#8243; _builder_version=\u00bb4.26.0&#8243; _module_preset=\u00bbdefault\u00bb global_colors_info=\u00bb{}\u00bb][et_pb_text _builder_version=\u00bb4.26.0&#8243; _module_preset=\u00bb16bc5531-5d18-4d67-89c2-49bff3c51225&#8243; header_2_font_size=\u00bb28px\u00bb custom_padding=\u00bb28px|||||\u00bb global_colors_info=\u00bb{}\u00bb]<\/p>\n<h2 style=\"text-align: center;\">San Juan de Markinez<\/h2>\n<p>[\/et_pb_text][et_pb_image src=\u00bbhttps:\/\/clunaes.ondareirekia.com\/wp-content\/uploads\/2024\/07\/markinez.jpg\u00bb title_text=\u00bbmarkinez\u00bb show_in_lightbox=\u00bbon\u00bb _builder_version=\u00bb4.26.0&#8243; _module_preset=\u00bbdefault\u00bb global_colors_info=\u00bb{}\u00bb][\/et_pb_image][\/et_pb_column][\/et_pb_row][\/et_pb_section][et_pb_section fb_built=\u00bb1&#8243; admin_label=\u00bbAbout\u00bb _builder_version=\u00bb4.22.1&#8243; _module_preset=\u00bbdefault\u00bb background_color=\u00bb#eaebe6&#8243; overflow-x=\u00bbhidden\u00bb overflow-y=\u00bbhidden\u00bb collapsed=\u00bbon\u00bb global_colors_info=\u00bb{}\u00bb][et_pb_row column_structure=\u00bb1_4,1_2,1_4&#8243; _builder_version=\u00bb4.20.0&#8243; _module_preset=\u00bbdefault\u00bb custom_padding=\u00bb||16px|||\u00bb global_colors_info=\u00bb{}\u00bb][et_pb_column type=\u00bb1_4&#8243; _builder_version=\u00bb4.20.0&#8243; _module_preset=\u00bbdefault\u00bb global_colors_info=\u00bb{}\u00bb][\/et_pb_column][et_pb_column type=\u00bb1_2&#8243; _builder_version=\u00bb4.20.0&#8243; _module_preset=\u00bbdefault\u00bb global_colors_info=\u00bb{}\u00bb][et_pb_text _builder_version=\u00bb4.26.0&#8243; _module_preset=\u00bb98410991-d05d-4f02-8de5-66c4f6c6a45c\u00bb header_4_text_color=\u00bbgcid-a3412674-3498-4142-ac08-6afad8430048&#8243; header_4_font_size=\u00bb18px\u00bb custom_padding=\u00bb||18px|||\u00bb global_colors_info=\u00bb{%22gcid-a3412674-3498-4142-ac08-6afad8430048%22:%91%22header_4_text_color%22%93}\u00bb]<\/p>\n<h4>Los dos talleres de Est\u00edbaliz<\/h4>\n<p>[\/et_pb_text][et_pb_text _builder_version=\u00bb4.26.0&#8243; _module_preset=\u00bb16bc5531-5d18-4d67-89c2-49bff3c51225&#8243; header_font_size=\u00bb15px\u00bb header_2_font=\u00bbAbel||||||||\u00bb header_2_font_size=\u00bb26px\u00bb header_2_line_height=\u00bb1.3em\u00bb custom_margin=\u00bb||5px|||\u00bb global_colors_info=\u00bb{}\u00bb]<\/p>\n<h2>Las mujeres de la familia Haro supieron tejer una compleja red clientelar que ha dejado una profunda impronta en la zona a trav\u00e9s de los templos. \u00c9stos eran para las familias nobles su se\u00f1a de identidad y a trav\u00e9s de las im\u00e1genes perpetuaban la memoria de sus antepasados.<\/h2>\n<p>&nbsp;<\/p>\n<p>[\/et_pb_text][\/et_pb_column][et_pb_column type=\u00bb1_4&#8243; _builder_version=\u00bb4.20.0&#8243; _module_preset=\u00bbdefault\u00bb global_colors_info=\u00bb{}\u00bb][\/et_pb_column][\/et_pb_row][et_pb_row column_structure=\u00bb1_2,1_2&#8243; _builder_version=\u00bb4.26.0&#8243; _module_preset=\u00bbdefault\u00bb custom_padding=\u00bb12px|||||\u00bb global_colors_info=\u00bb{}\u00bb][et_pb_column type=\u00bb1_2&#8243; _builder_version=\u00bb4.26.0&#8243; _module_preset=\u00bbdefault\u00bb global_colors_info=\u00bb{}\u00bb][et_pb_text _builder_version=\u00bb4.26.0&#8243; _module_preset=\u00bb16bc5531-5d18-4d67-89c2-49bff3c51225&#8243; header_2_font_size=\u00bb28px\u00bb custom_padding=\u00bb28px|||||\u00bb global_colors_info=\u00bb{}\u00bb]<\/p>\n<h2 style=\"text-align: center;\">Taller borgo\u00f1\u00f3n<\/h2>\n<p>[\/et_pb_text][et_pb_image src=\u00bbhttps:\/\/clunaes.ondareirekia.com\/wp-content\/uploads\/2024\/10\/borgona.jpg\u00bb title_text=\u00bbborgo\u00f1a\u00bb show_in_lightbox=\u00bbon\u00bb _builder_version=\u00bb4.26.0&#8243; _module_preset=\u00bbdefault\u00bb global_colors_info=\u00bb{}\u00bb][\/et_pb_image][\/et_pb_column][et_pb_column type=\u00bb1_2&#8243; _builder_version=\u00bb4.26.0&#8243; _module_preset=\u00bbdefault\u00bb global_colors_info=\u00bb{}\u00bb][et_pb_text _builder_version=\u00bb4.26.0&#8243; _module_preset=\u00bb16bc5531-5d18-4d67-89c2-49bff3c51225&#8243; header_2_font_size=\u00bb28px\u00bb custom_padding=\u00bb28px|||||\u00bb global_colors_info=\u00bb{}\u00bb]<\/p>\n<h2 style=\"text-align: center;\">Taller normando<\/h2>\n<p>[\/et_pb_text][et_pb_image src=\u00bbhttps:\/\/clunaes.ondareirekia.com\/wp-content\/uploads\/2024\/10\/normando.jpg\u00bb title_text=\u00bbnormando\u00bb show_in_lightbox=\u00bbon\u00bb _builder_version=\u00bb4.26.0&#8243; _module_preset=\u00bbdefault\u00bb global_colors_info=\u00bb{}\u00bb][\/et_pb_image][\/et_pb_column][\/et_pb_row][et_pb_row _builder_version=\u00bb4.26.0&#8243; _module_preset=\u00bbdefault\u00bb global_colors_info=\u00bb{}\u00bb][et_pb_column type=\u00bb4_4&#8243; _builder_version=\u00bb4.26.0&#8243; _module_preset=\u00bbdefault\u00bb global_colors_info=\u00bb{}\u00bb][et_pb_text _builder_version=\u00bb4.26.0&#8243; _module_preset=\u00bb16bc5531-5d18-4d67-89c2-49bff3c51225&#8243; header_2_font_size=\u00bb28px\u00bb custom_padding=\u00bb28px|||||\u00bb global_colors_info=\u00bb{}\u00bb]<\/p>\n<h2 style=\"text-align: center;\">Ecos borgo\u00f1ones: Fuidio<\/h2>\n<p>[\/et_pb_text][et_pb_text _builder_version=\u00bb4.26.0&#8243; _module_preset=\u00bbdefault\u00bb global_colors_info=\u00bb{}\u00bb]<\/p>\n<div style='position:relative; height:0; padding-top:56.25%'><iframe style='position:absolute; top:0; left:0; width:100%; height:100%;' src='https:\/\/www.ondareirekia.com\/3d\/fuidio\/' name='v1' width='100%' height='100%' frameborder='0' allowfullscreen='true' allow='fullscreen; accelerometer; gyroscope; magnetometer; vr; xr; xr-spatial-tracking; autoplay; camera; microphone'><\/iframe><\/div>\n<p>[\/et_pb_text][et_pb_text _builder_version=\u00bb4.26.0&#8243; _module_preset=\u00bb16bc5531-5d18-4d67-89c2-49bff3c51225&#8243; header_2_font_size=\u00bb28px\u00bb custom_padding=\u00bb28px|||||\u00bb global_colors_info=\u00bb{}\u00bb]<\/p>\n<h2 style=\"text-align: center;\">Ecos normandos: Leci\u00f1ana de Oca<\/h2>\n<p>[\/et_pb_text][et_pb_image src=\u00bbhttps:\/\/clunaes.ondareirekia.com\/wp-content\/uploads\/2024\/10\/lecinana.jpg\u00bb title_text=\u00bbleci\u00f1ana\u00bb _builder_version=\u00bb4.26.0&#8243; _module_preset=\u00bbdefault\u00bb global_colors_info=\u00bb{}\u00bb][\/et_pb_image][\/et_pb_column][\/et_pb_row][\/et_pb_section]<\/p>\n","protected":false},"excerpt":{"rendered":"<p>Ecos de Est\u00edbalizLos talleres que trabajaron en Est\u00edbaliz dejaron una impronta de largo recorrido en los templos de las inmediaciones. En esta exposici\u00f3n veremos cu\u00e1les fueron los caminos recorridos y los modelos m\u00e1s empleados. A falta de documentaci\u00f3n escrita, las im\u00e1genes nos permitir\u00e1n reconstruir una red de relaciones desatendida y olvidada, pero cuyas huellas a\u00fan pueden verse en los templos de muchas localidades del Pa\u00eds Vasco, Burgos, Navarra y La Rioja. &nbsp; Esta exposici\u00f3n virtual inicia su recorrido en el a\u00f1o 2023, pero ir\u00e1 sumando recursos, im\u00e1genes y contenidos de manera continuada hasta el a\u00f1o 2026.La construcci\u00f3n de Est\u00edbalizEn la primer mitad del siglo XII, Toda y su hija Mar\u00eda L\u00f3pez impulsaron la construcci\u00f3n de un gran monasterio en Est\u00edbaliz. Para ello reunieron a los mejores talleres del momento, procedentes en su mayor parte de Francia. Pero pronto el proyecto se frustr\u00f3 y los planes de estas importantes damas chocaron con la realidad pol\u00edtica del momento. &nbsp;Sin embargo, aunque Est\u00edbaliz nunca llegara a funcionar como un monasterio cluniacense, la impronta de los talleres que trabajaron en su portada y en los capiteles del interior se extendi\u00f3 de forma extraordinaria tanto en suelo vasco como en regiones lim\u00edtrofes.\u00a0 &nbsp;Los ejes de [&hellip;]<\/p>\n","protected":false},"author":1,"featured_media":0,"parent":0,"menu_order":0,"comment_status":"closed","ping_status":"closed","template":"","meta":{"_et_pb_use_builder":"on","_et_pb_old_content":"","_et_gb_content_width":"","footnotes":""},"class_list":["post-88","page","type-page","status-publish","hentry"],"jetpack_sharing_enabled":true,"_links":{"self":[{"href":"https:\/\/clunaes.ondareirekia.com\/index.php\/wp-json\/wp\/v2\/pages\/88","targetHints":{"allow":["GET"]}}],"collection":[{"href":"https:\/\/clunaes.ondareirekia.com\/index.php\/wp-json\/wp\/v2\/pages"}],"about":[{"href":"https:\/\/clunaes.ondareirekia.com\/index.php\/wp-json\/wp\/v2\/types\/page"}],"author":[{"embeddable":true,"href":"https:\/\/clunaes.ondareirekia.com\/index.php\/wp-json\/wp\/v2\/users\/1"}],"replies":[{"embeddable":true,"href":"https:\/\/clunaes.ondareirekia.com\/index.php\/wp-json\/wp\/v2\/comments?post=88"}],"version-history":[{"count":7,"href":"https:\/\/clunaes.ondareirekia.com\/index.php\/wp-json\/wp\/v2\/pages\/88\/revisions"}],"predecessor-version":[{"id":221,"href":"https:\/\/clunaes.ondareirekia.com\/index.php\/wp-json\/wp\/v2\/pages\/88\/revisions\/221"}],"wp:attachment":[{"href":"https:\/\/clunaes.ondareirekia.com\/index.php\/wp-json\/wp\/v2\/media?parent=88"}],"curies":[{"name":"wp","href":"https:\/\/api.w.org\/{rel}","templated":true}]}}